 37 = 4*f + 2*q, 5*f + 5*q = -70. Suppose 0 = -160*b + 167*b - 343. What is the remainder when b is divided by (-2)/f + (-151)/(-9)?
15
Let n be 2/(-4)*(-6 - -6)/(-2). Let r(u) = 3*u - 1. Let l be r(4). Suppose n = -2*i + 45 - l. What is the remainder when 49 is divided by i?
15
Suppose 7 = m - 9. Let i = 39 + -35. What is the remainder when m is divided by i?
0
Suppose 4*c = 5*w + 136, -c = -5*c - w + 136. What is the remainder when 100 is divided by c?
32
Suppose 2*q = 23 + 67. Let c = -10 + 22. What is the remainder when q is divided by c?
9
Suppose 1014 - 20 = 7*y. What is the remainder when y is divided by 31?
18
Let t = -8 - -20. What is the remainder when ((-36)/8)/((13/(-78))/1) is divided by t?
3
Calculate the remainder when ((-2)/15 - (-112020)/(-225))/(-2) is divided by 125.
124
Suppose -50*y = -47*y - 288. Suppose -2*t - y = -4*n, -4*t + 10 = t. Suppose a + 5*m - 4 = 0, a - 5 = -m - 3*m. Calculate the remainder when n is divided by a.
7
Suppose -c + 2*c + 40 = p, -3*p - 3*c + 102 = 0. What is the remainder when 369 is divided by p?
36
Let t = 65 - 30. Suppose -31*v + t = -30*v. What is the remainder when v is divided by 21?
14
Let r = 17 + 30. What is the remainder when r is divided by ((-940)/(-282))/(1/3)?
7
Let d(n) = n**3 + 6*n**2 + 4*n + 5. Suppose -2*h + 532 = 3*h + 4*v, h - v = 101. What is the remainder when h is divided by d(-4)?
20
Suppose 0 = -5*n - 3*v + 110, -4*n = -58*v + 63*v - 101. What is the remainder when 35 is divided by n?
16
Suppose -4*q - 4*v = -4, 0*q + v = -3*q + 3. Calculate the remainder when 8 is divided by ((-60)/(-50))/(q/10*2).
2
Let m(w) = -w**3 + 69*w**2 + 67*w + 233. Calculate the remainder when 67 is divided by m(70).
21
Let o = 86 - 58. Suppose -26*x = -o*x + 38. Calculate the remainder when 112 is divided by x.
17
Calculate the remainder when (51 - 49) + (153 - -1) is divided by 44.
24
Let w(j) = 36*j**2 + 4*j - 3. Calculate the remainder when w(1) is divided by 23.
14
Suppose -25*a + 1189 + 736 = 0. Calculate the remainder when a is divided by 17.
9
Let g = -38 + 76. Let y = 16 - 8. What is the remainder when g is divided by ((-30)/(-4))/(6/y)?
8
Suppose -3*p + 3*t + 21 = 0, -p = t - 3*t - 12. Suppose 3*u - 94 = i, 3*i - 152 = -p*u - 3*u. Let n = -15 + 26. Calculate the remainder when u is divided by n.
9
Suppose -65 = -y + 3*r, 5*r + 93 - 24 = y. Suppose h - y = -24. Let f = h - 28. Calculate the remainder when 11 is divided by f.
4
Suppose -2*d + 84 = 3*d + 4*h, 2*d = -2*h + 32. What is the remainder when 217 is divided by d?
17
Let g = -239 + 323. What is the remainder when g is divided by 37?
10
Let j(v) = 2*v**2 - 49*v - 72. Let d = -38 + 65. What is the remainder when d is divided by j(26)?
3
Let t = 611 + -465. Calculate the remainder when t is divided by 6.
2
Let l = -46 - -44. Calculate the remainder when 2/(-10) + (318/15 - l) is divided by 8.
7
Suppose -3*r = -4*y + 44 + 514, -3*y + 417 = -3*r. Let b be ((-132)/10)/(9/30). Let c = b + y. What is the remainder when c is divided by 25?
22
Let y(m) be the first derivative of -m**3/3 + 11*m**2/2 - 10*m + 7. What is the remainder when 71 is divided by y(7)?
17
Let n(b) = 9*b - 10. Let o be n(2). Suppose 0 = o*d + 26 - 250. Calculate the remainder when d is divided by 10.
8
Suppose -280 = -4*l + 4*z, 9*l + 3*z - 294 = 5*l. Calculate the remainder when 152 is divided by l.
8
Let b(q) = q + 0 + q + 0. Let n = -69 + 71. Calculate the remainder when 6 is divided by b(n).
2
Let a = -106 - -109. Suppose 27 = 4*r - a*c, -2*r - 5*c + 33 = -0*c. Calculate the remainder when 25 is divided by r.
7
Suppose -4*x = -5*s + 15 + 31, -6 = s + 3*x. Suppose 0 = -2*o + s, h + 5*o = -h + 47. What is the remainder when 110 is divided by h?
14
Let g(c) = -7*c + 11. Let r = 9 - -1. Let b be g(r). Let i = b + 82. What is the remainder when 45 is divided by i?
22
Suppose 4*d = -4*a + 144, -138*a - 33 = -d - 142*a. Calculate the remainder when 168 is divided by d.
20
Let a = 4 + 27. Suppose 3*u = -10 + 61. What is the remainder when a is divided by u?
14
Calculate the remainder when (18 - (13 + -4)) + 291 is divided by 8.
4
Let v(d) = 2*d**2 - 17*d + 42. Calculate the remainder when 425 is divided by v(12).
47
Suppose 2*w - 3 - 17 = 0. What is the remainder when 22 is divided by 135/(-54)*(-32)/w?
6
Suppose -7*f = 1 - 15. Suppose -79 = -f*r + 185. What is the remainder when r is divided by 27?
24
Let s be (-16)/(-3)*(-3)/2. What is the remainder when 15 is divided by (-4)/(-1) + s + 8?
3
Let o = 25 - -14. Suppose -a + 3*u = 15, 4*a + 5*u = -5 - 21. Let j(y) = -y**2 - 10*y + 1. Calculate the remainder when o is divided by j(a).
9
Let h = -2 - -9. Let a(s) = -2*s**2 - 27*s - 44. Calculate the remainder when a(-10) is divided by h.
5
Suppose 0 = -5*l - 5*c + 150, -3*l + 5*l = -c + 61. Let d = l + -13. Calculate the remainder when 30 is divided by d.
12
Let v(s) = s**3 + 7*s**2 + 6*s + 3. Let t be v(-6). Suppose -t*b = 0, 2*z = z + 3*b + 13. What is the remainder when 38 is divided by z?
12
Calculate the remainder when 158 is divided by 719/16 + (-63)/(-1008).
23
What is the remainder when (-1)/(-2 + 4/(-148)*-73) is divided by 8?
5
Let g(s) = -s - 268*s**3 + 3*s**2 + 269*s**3 - 4 + 3. What is the remainder when g(2) is divided by 5?
2
Suppose 63*l - 3243 = 16*l. Calculate the remainder when 94 is divided by l.
25
Let o(n) = 3*n + 6. Let a be o(-4). Suppose s + 4 = -t, -3*s + 17 = -5*t - 19. What is the remainder when a*15/t + 3 is divided by 7?
4
Let f(g) = -26 + 7 - 4*g + 14. Let c be f(-3). Suppose -3*d + 50 = -c. Calculate the remainder when 73 is divided by d.
16
Let h(n) = -23*n**3 + n - 2. Let p be h(1). Let s = 40 + p. Calculate the remainder when 77 is divided by s.
13
Let s be (-12)/(-9) - 80/(-12). Let w(q) = -q**3 + 8*q**2 + 4*q - 10. What is the remainder when 65 is divided by w(s)?
21
Let c be (-10)/5*(-2 - -4). Let j be (-77)/c - (-30)/40. Let u = 31 - j. Calculate the remainder when 32 is divided by u.
10
Suppose 0 = -23*v + 18*v + 580. What is the remainder when (1 - 3 - v/(-16))*20 is divided by 27?
24
Let r(a) = a**3 - 5*a**2 - a + 5. Let x be r(5). Suppose -36 = 4*d - 140. Calculate the remainder when d is divided by x/(5 + -3) + 14.
12
Let j = -808 - -914. Calculate the remainder when 630 is divided by j.
100
Suppose s - 15 = -y + 14, -4 = -4*y. Suppose -5*a - 2*z + 58 = 0, 0 = 4*a + 5*z - 82 + 22. What is the remainder when s is divided by a?
8
Let x(c) = -c**3 - 6*c**2 + 7*c + 7. Suppose y - 14 = 3*y. Let t(h) = h**2 + h - 15. Calculate the remainder when t(-7) is divided by x(y).
6
Calculate the remainder when 107 is divided by (-33 + -2)*(-9 + 8) + 2.
33
Suppose 0 = c + y + 85 - 113, -20 = -5*y. Calculate the remainder when 73 is divided by c.
1
Suppose r - 30*o + 34*o = 210, 10 = -5*o. Calculate the remainder when r is divided by 19.
9
Suppose -60 = 1434*l - 1439*l. What is the remainder when (7 - 219)*1/(-2) is divided by l?
10
Let h(t) = -t - 8. Let i be h(-9). What is the remainder when ((-38)/(-5))/(i/5 + 0) is divided by 15?
8
Let k = 233 + -186. What is the remainder when k is divided by 17?
13
Let s = 37 + -35. Suppose 0 = -s*r + 168 + 186. What is the remainder when r is divided by 36?
33
Let t = 27 + -13. Let q(c) = 5*c**2 + c. Calculate the remainder when t is divided by q(-1).
2
Suppose -4*z - 38 + 102 = 2*x, -x - 4*z = -28. Suppose 0 = 4*r - 62 + 10. What is the remainder when x is divided by r?
10
Let b = 158 + -129. Calculate the remainder when b is divided by 11.
7
Suppose -o + 4*r + 3 = 8, 2*o + 4 = 5*r. Suppose 0 = 8*f - o*f - 405. What is the remainder when f is divided by 21?
18
Let s be (-528)/40*20/(-6). Suppose s = 4*p - 3*g, -2*p - 5*g + g + 22 = 0. What is the remainder when 42 is divided by p?
9
Let c(r) = r**2 - 15*r + 17. What is the remainder when 18 is divided by c(14)?
0
Let t = 514 + -432. Let i = -43 + 64. Calculate the remainder when t is divided by i.
19
What is the remainder when 56 is divided by 41/((-7)/7 - -2)?
15
Suppose q - 20 = -3. Suppose -612 = -4*m - 4*a, -2*a - 20 = -7*a. Suppose -9*o + 301 = -m. What is the remainder when o is divided by q?
16
Let r = 354 - 356. Let c(x) = -3*x - 2. Let t be c(-8). Let k = r + t. What is the remainder when 76 is divided by k?
16
Suppose -4*i + 11*u = 15*u - 60,